{"id":325,"date":"2023-09-29T20:28:12","date_gmt":"2023-09-29T23:28:12","guid":{"rendered":"https:\/\/duasbarras.rj.gov.br\/site\/?page_id=325"},"modified":"2025-02-25T13:23:12","modified_gmt":"2025-02-25T16:23:12","slug":"dados-gerais","status":"publish","type":"page","link":"https:\/\/duasbarras.rj.gov.br\/site\/dados-gerais\/","title":{"rendered":"Dados Gerais"},"content":{"rendered":"<p><strong>Caracter\u00edsticas Gerais:<\/strong><\/p>\n<p>Funda\u00e7\u00e3o: 8 de maio de 1891 (133 anos)<br \/>\nGent\u00edlico: bibarrense<br \/>\nPrefeito: Armando Rosemberto Mattos Teixeira (2025\u20132028)<br \/>\nUnidade federativa: Rio de Janeiro<br \/>\nMesorregi\u00e3o: Centro Fluminense (IBGE\/2022)<br \/>\nMicrorregi\u00e3o: Nova Friburgo (IBGE\/2022)<br \/>\nMunic\u00edpios lim\u00edtrofes: Bom Jardim, Cantagalo, Carmo, Cordeiro, Nova Friburgo e Sumidouro<br \/>\nDist\u00e2ncia at\u00e9 a capital: Aproximadamente 180 km<\/p>\n<p><strong>Caracter\u00edsticas geogr\u00e1ficas:<\/strong><\/p>\n<p>\u00c1rea: 379,619 km\u00b2<br \/>\nPopula\u00e7\u00e3o: 10.980 habitantes (CENSO\/2022)<br \/>\nDensidade: Aproximadamente 28,92 hab.\/km\u00b2<br \/>\nAltitude: 530m<br \/>\nClima: Tropical de Altitude<br \/>\nFuso hor\u00e1rio: UTC\u22123<br \/>\nCEP: 28650-000<\/p>\n<p><strong>Indicadores:<\/strong><\/p>\n<p>IDHM: 0,659 (PNUD\/2010)<br \/>\nPIB: R$ 227.751.991,20(IBGE\/2018)<br \/>\nPIB per capita: R$ 20.742,44 (IBGE\/2020)<\/p>\n","protected":false},"excerpt":{"rendered":"<p>Caracter\u00edsticas Gerais: Funda\u00e7\u00e3o: 8 de maio de 1891 (133 anos) Gent\u00edlico: bibarrense Prefeito: Armando Rosemberto Mattos Teixeira (2025\u20132028) Unidade federativa: Rio de Janeiro Mesorregi\u00e3o: Centro Fluminense (IBGE\/2022) Microrregi\u00e3o: Nova Friburgo (IBGE\/2022) Munic\u00edpios lim\u00edtrofes: Bom Jardim, Cantagalo, Carmo, Cordeiro, Nova Friburgo e Sumidouro Dist\u00e2ncia at\u00e9 a capital: Aproximadamente 180 km Caracter\u00edsticas geogr\u00e1ficas: \u00c1rea: 379,619 km\u00b2 Popula\u00e7\u00e3o: [&hellip;]<\/p>\n","protected":false},"author":1,"featured_media":0,"parent":0,"menu_order":0,"comment_status":"closed","ping_status":"closed","template":"","meta":{"footnotes":""},"class_list":["post-325","page","type-page","status-publish","hentry"],"_links":{"self":[{"href":"https:\/\/duasbarras.rj.gov.br\/site\/wp-json\/wp\/v2\/pages\/325","targetHints":{"allow":["GET"]}}],"collection":[{"href":"https:\/\/duasbarras.rj.gov.br\/site\/wp-json\/wp\/v2\/pages"}],"about":[{"href":"https:\/\/duasbarras.rj.gov.br\/site\/wp-json\/wp\/v2\/types\/page"}],"author":[{"embeddable":true,"href":"https:\/\/duasbarras.rj.gov.br\/site\/wp-json\/wp\/v2\/users\/1"}],"replies":[{"embeddable":true,"href":"https:\/\/duasbarras.rj.gov.br\/site\/wp-json\/wp\/v2\/comments?post=325"}],"version-history":[{"count":4,"href":"https:\/\/duasbarras.rj.gov.br\/site\/wp-json\/wp\/v2\/pages\/325\/revisions"}],"predecessor-version":[{"id":951,"href":"https:\/\/duasbarras.rj.gov.br\/site\/wp-json\/wp\/v2\/pages\/325\/revisions\/951"}],"wp:attachment":[{"href":"https:\/\/duasbarras.rj.gov.br\/site\/wp-json\/wp\/v2\/media?parent=325"}],"curies":[{"name":"wp","href":"https:\/\/api.w.org\/{rel}","templated":true}]}}

<p><strong>Características Gerais:</strong></p>
<p>Fundação: 8 de maio de 1891 (133 anos)<br />
Gentílico: bibarrense<br />
Prefeito: Armando Rosemberto Mattos Teixeira (2025–2028)<br />
Unidade federativa: Rio de Janeiro<br />
Mesorregião: Centro Fluminense (IBGE/2022)<br />
Microrregião: Nova Friburgo (IBGE/2022)<br />
Municípios limítrofes: Bom Jardim, Cantagalo, Carmo, Cordeiro, Nova Friburgo e Sumidouro<br />
Distância até a capital: Aproximadamente 180 km</p>
<p><strong>Características geográficas:</strong></p>
<p>Área: 379,619 km²<br />
População: 10.980 habitantes (CENSO/2022)<br />
Densidade: Aproximadamente 28,92 hab./km²<br />
Altitude: 530m<br />
Clima: Tropical de Altitude<br />
Fuso horário: UTC−3<br />
CEP: 28650-000</p>
<p><strong>Indicadores:</strong></p>
<p>IDHM: 0,659 (PNUD/2010)<br />
PIB: R$ 227.751.991,20(IBGE/2018)<br />
PIB per capita: R$ 20.742,44 (IBGE/2020)</p>

<p>Características Gerais: Fundação: 8 de maio de 1891 (133 anos) Gentílico: bibarrense Prefeito: Armando Rosemberto Mattos Teixeira (2025–2028) Unidade federativa: Rio de Janeiro Mesorregião: Centro Fluminense (IBGE/2022) Microrregião: Nova Friburgo (IBGE/2022) Municípios limítrofes: Bom Jardim, Cantagalo, Carmo, Cordeiro, Nova Friburgo e Sumidouro Distância até a capital: Aproximadamente 180 km Características geográficas: Área: 379,619 km² População: [&hellip;]</p>
